o = -17 + 12. Let l be o*(2 - (2 - 1)). Give k(l).
0
Let c(x) = 5*x + x**3 + 21*x**2 - 36*x**2 - 3 + 22*x**2 - 2. Determine c(-6).
1
Let j be 3/(9/15)*1. Let n(o) = -3*o + o**3 + j*o - 4*o**2 + 4*o - 2*o. Let m(r) = -r**2 - 3*r + 3. Let t be m(-3). Determine n(t).
3
Suppose 0 = t - r - 11, 10 = -3*r - 2*r. Suppose -3*k + 6 = 24. Let c = k + t. Let n(j) = 4*j - 2. Determine n(c).
10
Suppose 35 = 5*q - q + 5*x, 0 = 5*q - 5*x - 10. Let j be 8/12 + 14/(-3). Let r(c) = 3*c + 3. Let w(u) = -4*u - 3. Let y(m) = j*w(m) - 5*r(m). What is y(q)?
2
Let b(o) be the second derivative of o**3/3 + o**2 + 6*o. Let h be b(0). Let g(w) = -11*w + 1. Let s(d) = -3*d. Let y(a) = 2*g(a) - 9*s(a). What is y(h)?
12
Let y = 27 - 24. Let o(d) = 2*d + 3. What is o(y)?
9
Let m(r) = 4*r + 3. Let h = 0 - 2. Determine m(h).
-5
Let o(j) = -j - 3. Let c be o(-5). Let i(d) be the first derivative of -c*d**2 - 2 + 2 + d**2 - 2*d - 1. Determine i(-2).
2
Let f(t) = t - 6. Let a = 11 + -11. Calculate f(a).
-6
Let n(p) = p + 3. Let u(s) = 2*s**2 - 31*s + 8. Let i be u(15). Determine n(i).
-4
Let x(m) = 20*m**2 + 4*m - 29. Let v(q) = 7*q**2 + q - 10. Let d(n) = 17*v(n) - 6*x(n). Calculate d(-5).
14
Let w = 9 - 12. Let g(x) = x**2 + 6*x - 4. Determine g(w).
-13
Suppose -12 = -3*u - 3. Let h(n) = -12 + u*n + 15 - 10. What is h(5)?
8
Let k(n) = n**3 - n + 1. Let u(r) = 3*r**3 + 4*r**2 - 2*r - 2. Let o(w) = 4*k(w) - u(w). Suppose g + 3 = 5, -4*a + 3*g + 10 = 0. What is o(a)?
-2
Let j(k) = 7*k**2 - 9*k + 5. Let f(h) = -15*h**2 + 19*h - 11. Let g(i) = 6*f(i) + 13*j(i). Give g(3).
-1
Let y(g) be the first derivative of g**4/4 + g**3 - g**2 + 2*g - 19. Let l be 2 + (1 - 2) + -5. Determine y(l).
-6
Let r(p) be the second derivative of p**2 - 1/6*p**3 + 0 - 1/12*p**4 - 2*p. Give r(-3).
-4
Let q(l) be the first derivative of -l**2/2 + l - 7. Let b = 1 - -3. Suppose b*x = -x. What is q(x)?
1
Let z(d) = d**3 - 6*d**2 - 8*d + 6. Suppose 3*q - 22 = -1. Let w be z(q). Let c(p) = -7*p**3 - p**2 + 1. Give c(w).
7
Suppose 3*c = 29 - 26. Let u(s) = -s + 2. What is u(c)?
1
Let n(z) = z**3 + 2*z + 1. Suppose -7 + 1 = -2*i. Suppose -u = i*u. Let w = u - 1. Give n(w).
-2
Let s(k) = -k**2 + k - 1. Let q(z) be the third derivative of z**6/120 - z**5/12 + z**4/24 - 2*z**3/3 - 6*z**2. Let v(r) = q(r) - s(r). Give v(3).
-12
Let y(x) = 0 + x + 6 - 13*x**2 - x**3 + 7*x**2. What is y(-6)?
0
Let n(l) = 9*l**2 - 2*l + 1. Let o be -10 + 11 - (1 + -1). Give n(o).
8
Suppose z + 20 = 4*t + 8, 0 = 5*z - 2*t - 12. Let w(l) be the third derivative of 0*l**z + 0*l + 0 + l**2 - 1/30*l**5 - 1/6*l**3. Calculate w(-1).
-3
Suppose t - 2*s = 7, -2*s - s - 13 = t. Let j be (2 + (t - 0))*0. Let a(o) = -o. Let d be a(j). Let v(c) = -c**3 + c**2 - c - 6. Give v(d).
-6
Let l(k) = 2*k**2 + 26*k + 1. Let s be l(-13). Let h(v) = -v + 1. Let c(i) = i. Let t(x) = 4*c(x) + h(x). Give t(s).
4
Let v be ((-4)/3)/(8/(-12)). Suppose v*o - 4 + 0 = 0. Let j(w) = -2*w + w**2 + o - 5 - 2*w**2 - 3*w. Determine j(-4).
1
Let a(l) = 3 + 2*l**2 - l + 0*l - 3*l**2. Let f(u) = -3*u + 3 + 5*u - u + 0. Let d be f(-3). Give a(d).
3
Let r(c) = -c**3 - 3*c**2 + 2*c - 2. Let w be r(-4). Let a(o) = 3*o + 1 + w - 2*o - 2. Calculate a(-4).
1
Let y(q) be the first derivative of 1/3*q**3 - 5/2*q**2 + 2*q + 3. What is y(5)?
2
Suppose -3*u = -7*u - 16. Let b(t) = t**3 + 5*t**2 + 5*t. Calculate b(u).
-4
Suppose 0*s - 6 = -2*s. Let x(i) = 2 + 6*i - s + 5 + i**2. Determine x(-5).
-1
Suppose s - 10 = -5*q - 0*s, -4*s = -q + 2. Let b(g) be the first derivative of 2*g**3/3 - g**2/2 + g - 1. Let f(y) be the first derivative of b(y). Give f(q).
7
Let z(y) = 3*y + 1. Let j(a) = -a**2 + 2*a - 8. Let o be j(6). Let i be 6/27 + o/(-18). Calculate z(i).
7
Let a(d) = 14*d + 2. Let j(f) = f**2 + 5*f - 2. Let r be j(-5). Give a(r).
-26
Let a(n) be the second derivative of n**3/6 + 5*n**2/2 - 28*n. Give a(0).
5
Let w(u) = u**2 + u + 2. Let d be w(-2). Let l(p) = d*p - 5*p**2 - p**3 - 3*p - 5*p. Suppose -2*i - 20 = 3*i. What is l(i)?
0
Let y(i) = -11 + 7*i + 10*i**2 + 13 - 11*i**2. Give y(4).
14
Let h(t) be the second derivative of t**3/6 - 2*t. Determine h(7).
7
Suppose -c = -4*c + 3. Let j(x) = -4*x**2 - x + 1. Determine j(c).
-4
Let h(z) = 2*z**2 + 10*z - 12. Let y(u) = 3*u**2 + 10*u - 13. Let f(p) = 4*h(p) - 3*y(p). Calculate f(9).
0
Let b = 4 - 1. Let c(f) = b*f**3 - f**2 + f - 3 - 2*f**3 + 0. Suppose 7*d + 2 = 2. Give c(d).
-3
Suppose -12*i + 8*i = -20. Let s(a) = -2*a - 4. What is s(i)?
-14
Let v(u) = -u - 10. Let h be v(-9). Let y(p) = -5*p**3 + p**2 + p + 1. Determine y(h).
6
Let c(i) be the second derivative of -i**5/20 - i**4/2 - i**3/6 - i**2 - 3*i. What is c(-6)?
4
Let u(m) be the third derivative of m**5/20 - m**4/6 + 2*m**2. Give u(3).
15
Let a(o) be the third derivative of -o**5/20 - o**4/24 + 5*o**3/6 + 2*o**2. Let k(l) = 8*l**2 + 3*l - 14. Let r(y) = -11*a(y) - 4*k(y). Determine r(1).
1
Let b(q) be the second derivative of 2*q + 0 + 1/12*q**4 - 1/2*q**3 + 3/2*q**2. Suppose t = -u + 5, -4*t + 3*t + 8 = 2*u. What is b(t)?
1
Suppose -4*w - 3*i = -24, -w - w = 5*i - 26. Suppose 0*v - 7 = 3*v + 5*f, -2*v + 2*f + 6 = 0. Let z(o) = 4*o - v - o**3 - 2 + o**2 - 5*o + 5*o. Calculate z(w).
-9
Let w(f) = -2*f**3 + 5*f**3 - 6*f**2 - 6*f - 4*f**3 - 1. Determine w(-5).
4
Suppose 5*o - 3*o = x - 5, x + 9 = -5*o. Let t(s) = -5*s**2 - 2*s + 1. Determine t(o).
-15
Let x(w) = w**2 - 8*w + 7. Let b be (-549)/(-72) + (-6)/(-16). Give x(b).
7
Let u(i) be the first derivative of -i**2/2 - 16*i - 26. Calculate u(-8).
-8
Let f(x) be the second derivative of -x**3/6 - 3*x**2 - 22*x. Suppose -4*l + 7*l + 2*j = -12, 20 = -5*l + 3*j. Give f(l).
-2
Suppose -6*u = 3*u - 45. Let f(m) = m**2 - 5*m + 5. What is f(u)?
5
Let q be 1 + 7/(-5) - (-126)/(-35). Let l(a) = 6 + 11*a + 3 + 2. Let k(n) = -4*n - 4. Let m(b) = -8*k(b) - 3*l(b). What is m(q)?
3
Let w be ((-10)/(-3))/(-5)*(6 - 0). Let f(h) = -h**3 - 4*h**2 + h - 5. Give f(w).
-9
Suppose 0 = s + 3 + 1. Let g be (6/15)/(3/15). Let j(l) = 2 + 3*l - 5 - g*l. Calculate j(s).
-7
Let i(f) = -f**2 - 6*f - 9. Let x be i(-5). Let u(p) = -p**2 - 3*p + 2. Determine u(x).
-2
Let u(x) = 2*x**2 + 1. Let h = 11 + -7. Suppose -3*t = t + 8. Let g be 4/t*(-2)/h. Determine u(g).
3
Let q(j) = -4*j**2 + 2*j + 1. Suppose g + 2*p + 0 = -11, 5*p + 26 = -g. Determine q(g).
-5
Let g be (-6)/(-15) - (-12)/(-5). Let u(f) = 5 - 2*f**2 - 4 + 0 + 3*f**2. What is u(g)?
5
Let y(x) = x - 10. Let t be y(4). Let i(s) = s + 4. What is i(t)?
-2
Let o(s) = -s**2 + 3*s + 3. Suppose -4*d = -0*d + 16. Let h be (-14)/(3 + -1) - -3. Let x be (3/h + 0)*d. Determine o(x).
3
Suppose 2*g = 3*g - 5. Let m(z) = -5*z**3 - 18*z**2 + 17*z + 23. Let n(c) = -2*c**3 - 6*c**2 + 6*c + 8. Let p(x) = 3*m(x) - 8*n(x). Calculate p(g).
-5
Let k(z) = -z + 1. Let t(n) = 1. Let s(a) = -2*k(a) + 3*t(a). Let q be 8/((1 - -1) + 0). Calculate s(q).
9
Let g(y) = y - 4. Suppose 5*x + 5*d + 4 = -11, 1 = 3*x + d. Let p be g(x). Let q(a) = -a - 1. Let m(i) = 3*i - 2. Let u(l) = m(l) - 2*q(l). Calculate u(p).
-10
Let m(i) = 3 - 109*i + 101*i - i**2 - 6. Determine m(-7).
4
Suppose m + n = 2*n + 3, 12 = 4*m + 3*n. Let y(o) be the first derivative of -o**4/4 + o**3 + o**2 - 34. What is y(m)?
6
Let r(i) = -4*i**2 - 69 + 3*i + 69. Determine r(2).
-10
Let u(y) = -y**2 - 16*y + 3. Let p be u(-16). Let q(f) be the second derivative of f**5/20 - f**4/12 - f**3/6 - 2*f**2 - 2*f. Calculate q(p).
11
Let s(y) be the first derivative of y**3/3 - 2*y**2 + 3*y - 1. Suppose 0 = 3*d + 12 - 3. Let m(f) = f**3 + 2*f**2 - 5*f - 3. Let n be m(d). Calculate s(n).
0
Suppose 4*x + 20 = -0*b - 4*b, 3*x + 15 = 0. Let g(s) = -s + 13. Calculate g(b).
13
Let s(p) be the second derivative of p**5/20 - p**4/2 + p**2/2 + 17*p. What is s(6)?
1
Let i = 111 - 73. Suppose -2*f - 3*v + 22 = 0, -3*f + i = 2*f - v. Let n = 13 - f. Let t(l) = -l**2 + 3*l + 3. Give t(n).
-7
Let g(l) = -l**2 + 7*l - 1. Let z be g(6). Let m(k) = -k - 4*k + 0*k**2 - 2 + z + 2*k**2. Give m(3).
6
Suppose 0 = -z - 0*z + 8. Suppose -2*g = 4*s, 5 = -g - 3*s + 3. Let y = z - g. Let t(l) = l**2 - 2*l - 3. Calculate t(y).
5
Let u = -46 - -39. Let y(o) = o**3 + 7*o**2 - 2*o - 8. What is y(u)?
6
Let k(f) be the third derivative of -f**4/24 + f**3 - 2*f**2. What is k(6)?
0
Let l(s) be the secon